{"id":570,"date":"2017-03-10T10:16:55","date_gmt":"2017-03-10T08:16:55","guid":{"rendered":"http:\/\/www.krizanky35.cz\/?page_id=570"},"modified":"2026-05-04T09:30:25","modified_gmt":"2026-05-04T07:30:25","slug":"kalendar-akci","status":"publish","type":"page","link":"https:\/\/www.krizanky35.cz\/?page_id=570","title":{"rendered":"Kalend\u00e1\u0159 akc\u00ed"},"content":{"rendered":"<p>&nbsp;<\/p>\n<p>Kalend\u00e1\u0159 akc\u00ed &#8211; p\u0159ehled:&nbsp;<\/p>\n<p>Kurzy s Janou \u0160edovou se budou konat pouze v p\u0159\u00edpad\u011b p\u0159ihl\u00e1\u0161en\u00ed <strong>minim\u00e1ln\u011b p\u011bti \u00fa\u010dastn\u00edk\u016f<\/strong>.&nbsp;<\/p>\n<p>&nbsp;<\/p>\n<ul>\n<li>13. &#8211; 15. 3. 2026 &#8211; rozje\u017e\u010fovac\u00ed v\u00edkend<\/li>\n<li><span style=\"color: #ff0000;\">8. &#8211; 10. 5. 2026 (t\u0159i dny) &#8211; <strong>Mal\u00e1 americk\u00e1 cvi\u010den\u00ed<\/strong> s Janou \u0160edovou<\/span><\/li>\n<li><span style=\"color: #339966;\">13. &#8211; 14. 6. 2026 &#8211; <b>Horsemanship &#8211; z\u00e1klady &#8211; vedeno Janou \u0160edovou<\/b><\/span><\/li>\n<li><span style=\"color: #3366ff;\">18. &#8211; 19. 7. 2026 <\/span><span style=\"color: #0000ff;\"><span style=\"color: #3366ff;\">&#8211;<\/span> Kurz <strong>ran\u010dersk\u00e9 pr\u00e1ce s dobytkem<\/strong> veden\u00fd Janou \u0160edovou<\/span><\/li>\n<li><span style=\"color: #339966;\">15. &#8211; 16. 8. 2026 &#8211; <b>Horsemanship &#8211; pokra\u010dov\u00e1n\u00ed &#8211; vedeno Janou \u0160edovou<\/b><\/span><\/li>\n<li><span style=\"color: #0000ff;\">5. &#8211; 6. 9. 2026<\/span>&nbsp;&#8211; <span style=\"color: #0000ff;\">Kurz <strong>ran\u010dersk\u00e9 pr\u00e1ce s dobytkem<\/strong> veden\u00fd Janou \u0160edovou<\/span><\/li>\n<li><span style=\"color: #ff0000;\">17. &#8211; 18. 10. 2026 &#8211; <strong>Mal\u00e1 americk\u00e1 cvi\u010den\u00ed<\/strong> s Janou \u0160edovou<\/span><\/li>\n<\/ul>\n<p>&nbsp;<\/p>\n<hr>\n<hr>\n<p>&nbsp;<\/p>\n<p><strong>Kalend\u00e1\u0159 akc\u00ed &#8211; popis jednotliv\u00fdch kurz\u016f<\/strong><\/p>\n<ul>\n<li><strong>V\u00edkendov\u00fd rozje\u017e\u010fovac\u00ed pobyt<\/strong><\/li>\n<\/ul>\n<p>13. &#8211; 15. 3. 2026<\/p>\n<p>M\u00e1 V\u00e1\u0161 k\u016f\u0148 po zim\u011b p\u0159\u00edli\u0161 mnoho energie a V\u00e1m se na n\u011bj nechce sedat? Nebo jste p\u0159ed mate\u0159skou jezdila hlava nehlava a nyn\u00ed se ob\u00e1v\u00e1te co bude, a\u017e se zase vyhoupnete do sedla? V&nbsp;\u017eivot\u011b ob\u010das nastanou chv\u00edle, kdy si prost\u011b nejsme sami sebou nebo sv\u00fdm kon\u011bm jist\u00ed. V\u00edme, \u017ee sta\u010d\u00ed jenom kr\u016f\u010dek\u2026 ale ten kr\u016f\u010dek je n\u011bkdy bez pomoci zatracen\u011b t\u011b\u017ek\u00fd. Pokud m\u00e1te pocit, \u017ee mluv\u00edm o V\u00e1s, t\u0159eba by V\u00e1m pomohl v\u00edkendov\u00fd rozje\u017e\u010fovac\u00ed pobyt.<\/p>\n<p>Za\u010d\u00edn\u00e1me v&nbsp;p\u00e1tek odpoledne prac\u00ed ze zem\u011b \u2013 koukneme se na to, jak na tom s&nbsp;kon\u011bm jste, zda bude sta\u010dit jen upustit trochu p\u00e1ry, nebo budeme pot\u0159ebovat zapracovat na n\u011b\u010dem dal\u0161\u00edm. V&nbsp;sobotu dopoledne bychom pak nav\u00e1zali na \u00favodn\u00ed lekci podle pot\u0159eb ka\u017ed\u00e9 dvojice. V&nbsp;sobotu odpoledne bychom se u\u017e snad m\u011bli dostat do sedla. A podle toho, jak to p\u016fjde, bychom v&nbsp;ned\u011bli zakon\u010dili spole\u010dnou vyj\u00ed\u017e\u010fkou, kdy V\u00e1s doprovod\u00edm na zku\u0161en\u00e9m koni. Ale samoz\u0159ejm\u011b v\u0161e z\u00e1le\u017e\u00ed&nbsp; na tom, jak se budou jednotliv\u00e9 lekce vyv\u00edjet.<\/p>\n<p>Takov\u00fdto v\u00edkend nen\u00ed koncipov\u00e1n jako kurz a nen\u00ed to o tom V\u00e1s a Va\u0161eho kon\u011b umo\u0159it. Jedn\u00e1 se o s\u00e9rii krat\u0161\u00edch spole\u010dn\u00fdch, ale individu\u00e1ln\u011b zam\u011b\u0159en\u00fdch lekc\u00ed (cca 1 \u2013 2 hod, 1 x v p\u00e1tek odpoledne, 1 x v sobotu, 1 x v ned\u011bli dopoledne), tak abyste Vy i k\u016f\u0148 z\u016fstali vn\u00edmav\u00ed a p\u0159\u00edjemn\u011b unaven\u00ed pro dal\u0161\u00ed v\u00fduku. Po\u010det \u00fa\u010dastn\u00edk\u016f je omezen na 2 \u2013 3 dvojice.<\/p>\n<p>Mo\u017enost p\u016fj\u010den\u00ed na\u0161\u00ed spolehliv\u00e9 kobylky (p\u0159\u00edplatek 500 K\u010d na den) \u2013 pan\u00ed u\u010ditelky. Vr\u00e1t\u00ed V\u00e1m sebev\u011bdom\u00ed a radost z pr\u00e1ce s kon\u011bm. \ud83d\ude42<\/p>\n<p>Cena 3500 K\u010d za dvojici jezdec\/k\u016f\u0148 od p\u00e1tku do ned\u011ble.<\/p>\n<p>Ust\u00e1jen\u00ed ve venkovn\u00edch padoc\u00edch &#8211; 200 k\u010d za den (k dispozici voda, seno, majitel si s\u00e1m krm\u00ed a d\u00e1v\u00e1 vodu, denn\u011b m\u00edstuje padok), nebo 400 K\u010d za den (krmen\u00ed a vodu dvakr\u00e1t denn\u011b zaji\u0161\u0165uje Ran\u010d, stejn\u011b jako 1x denn\u011b m\u00edstov\u00e1n\u00ed). Mo\u017enost boxu (400 K\u010d \/ 600 K\u010d za den).<\/p>\n<p>Mo\u017enost ubytov\u00e1n\u00ed v apartm\u00e1nu na Ran\u010di.<\/p>\n<p>P\u0159ihl\u00e1\u0161ky prost\u0159ednictv\u00edm emailu sedova@centrum.cz nebo telefonicky na \u010d\u00edsle 773 693 943.<\/p>\n<p>&nbsp;<\/p>\n<hr>\n<ul>\n<li><strong>Moje mal\u00e1 americk\u00e1 cvi\u010den\u00ed<\/strong><\/li>\n<\/ul>\n<p>V leto\u0161n\u00edm roce jsou v pl\u00e1nu <strong>pouze dva term\u00edny<\/strong> t\u011bchto obl\u00edben\u00fdch kurz\u016f, proto si zkuste rezervovat term\u00edn v\u010das, p\u0159\u00edpadn\u00e9 zm\u011bny letos nebudou mo\u017en\u00e9!<\/p>\n<p>8. &#8211; 10. 5. 2026 (t\u0159\u00eddenn\u00ed term\u00edn), 17. &#8211; 18. 10. 2026<\/p>\n<div>&nbsp;<\/div>\n<div class=\"m8h3af8h l7ghb35v kjdc1dyq kmwttqpk gh25dzvf\">&nbsp;<\/div>\n<div class=\"x11i5rnm xat24cr x1mh8g0r x1vvkbs xdj266r\"><em>Kdy\u017e jsem byla v Americe, \u010dasto jsme na sv\u00fdch kon\u00edch tr\u00e1vili denn\u011b cel\u00e9 dlouh\u00e9 hodiny. \u010clov\u011bk po nich necht\u011bl moc, jen sem tam si \u0159ekl tady o naklus\u00e1n\u00ed, tady o ustoupen\u00ed p\u0159edkem, jindy o couvnut\u00ed. A mezi t\u00edm se t\u0159eba jen tak loudal za st\u00e1dem pomal\u00fdch krav. \u017d\u00e1dn\u00fd velk\u00fd tr\u00e9nink. A p\u0159esto se n\u00e1m kon\u011b pomalu ale jist\u011b m\u011bnili p\u0159ed o\u010dima. Spolupracovali s \u010dlov\u011bkem, byli uvoln\u011bn\u00ed, spokojen\u00ed, citliv\u00ed a vn\u00edmav\u00ed k jemn\u00fdm pob\u00eddk\u00e1m ze strany jezdce. Neum\u011bli spinovat ani \u201eslajdovat\u201c, ale m\u011bli dobr\u00fd z\u00e1klad a ochotu u\u010dit se d\u00e1l.<\/em><br \/>\n<em>A j\u00e1 si b\u011bhem t\u011bch let, co jsem zp\u00e1tky v \u010cesku a krom\u011b p\u00e1r dn\u00ed v roce, kdy pracujeme s dobytkem, se ve\u0161ker\u00e9 m\u00e9 tr\u00e9ninky odehr\u00e1vaj\u00ed v \u0159\u00e1du des\u00edtek minut, b\u011bhem kter\u00fdch se sna\u017e\u00edm kon\u011b \u0161up \u0161up n\u011bco nau\u010dit, uv\u011bdomila, jak moc mi chyb\u00ed tento styl ne-tr\u00e9ninku. Sed\u011bt cel\u00fd den na koni a jen si ob\u010das o n\u011bco \u0159\u00edct. Vyhledat si situace, kde mohu kon\u011b po\u017e\u00e1dat o to, aby se pokusil o n\u011bco nov\u00e9ho, d\u00e1t mu dostatek \u010dasu, aby pochopil, a zase jet d\u00e1l\u2026<\/em><\/div>\n<div>&nbsp;<\/div>\n<div class=\"x11i5rnm xat24cr x1mh8g0r x1vvkbs xdj266r\">Tento kurz bude pon\u011bkud jin\u00fd, ne\u017e na jak\u00fd je v\u011bt\u0161ina jezdc\u016f zvykl\u00e1. Tentokr\u00e1t se nechci v\u011bnovat individu\u00e1ln\u011b ka\u017ed\u00e9 dvojici v kr\u00e1tce vymezen\u00fd \u010das. Naopak se sejdeme na kon\u00edch v\u0161ichni spole\u010dn\u011b, po \u00favodu na j\u00edzd\u00e1rn\u011b vyraz\u00edme do p\u0159\u00edrody. Budu pro v\u00e1s m\u00edt p\u0159ipravenou \u0159adu mal\u00fdch cvi\u010den\u00ed, kter\u00e9 na vhodn\u00fdch m\u00edstech, tak, abychom vyu\u017eili to, co n\u00e1m nab\u00eddne okoln\u00ed p\u0159\u00edroda, budeme spole\u010dn\u011b tr\u00e9novat. Jeliko\u017e mezi n\u00e1mi budou dvojice na r\u016fzn\u00e9 jezdeck\u00e9 \u00farovni, bude tak\u00e9 to sam\u00e9 cvi\u010den\u00ed v pod\u00e1n\u00ed r\u016fzn\u00fdch dvojic vypadat jinak. Pro mlad\u00e9 kon\u011b ho zjednodu\u0161\u00edme, zku\u0161en\u00fdm dvojic\u00edm naopak zt\u00ed\u017e\u00edme. Bude na v\u00e1s, zda budete tr\u00e9novat do \u00famoru, nebo se na chv\u00edli zastav\u00edte a kouknete na ostatn\u00ed, jak jim to jde a zda byste se od nich tak\u00e9 n\u011b\u010d\u00edm neinspirovali. A pak zas pojedeme o kousek d\u00e1l a budeme si u\u017e\u00edvat, \u017ee jsme se sv\u00fdm kon\u011bm. My si budeme u\u017e\u00edvat p\u0159\u00edtomnosti kon\u011b, a kon\u011b si snad budou u\u017e\u00edvat i n\u00e1s. \u017d\u00e1dn\u00e9 kouk\u00e1n\u00ed na hodinky, kdy u\u017e n\u00e1m skon\u010d\u00ed lekce a bude \u010das na ob\u011bd.&nbsp;<span class=\"x3nfvp2 x1j61x8r x1fcty0u xdj266r xhhsvwb xat24cr xgzva0m xxymvpz xlup9mm x1kky2od\"><img loading=\"lazy\" src=\"https:\/\/static.xx.fbcdn.net\/images\/emoji.php\/v9\/t4c\/1\/16\/1f642.png\" alt=\"\ud83d\ude42\" width=\"16\" height=\"16\"><\/span><br \/>\nC\u00edlem je prost\u011b naj\u00edt funk\u010dn\u00ed a smyslupln\u00fd kompromis mezi bezc\u00edln\u00fdm bloum\u00e1n\u00edm po lese a c\u00edlen\u00fdm soust\u0159ed\u011bn\u00fdm tr\u00e9ninkem zvy\u0161uj\u00edc\u00edm proje\u017ed\u011bnost kon\u011b. Oboje m\u00e1 sv\u00e9 m\u00edsto, na tomto kurzu se ale budeme prost\u011b pohybovat n\u011bkde mezi.&nbsp;<span class=\"x3nfvp2 x1j61x8r x1fcty0u xdj266r xhhsvwb xat24cr xgzva0m xxymvpz xlup9mm x1kky2od\"><img loading=\"lazy\" src=\"https:\/\/static.xx.fbcdn.net\/images\/emoji.php\/v9\/t4c\/1\/16\/1f642.png\" alt=\"\ud83d\ude42\" width=\"16\" height=\"16\"><\/span><\/div>\n<div class=\"x11i5rnm xat24cr x1mh8g0r x1vvkbs xdj266r\">\n<p>Jeliko\u017e cvi\u010den\u00ed a t\u00e9mat, kter\u00e9 se hod\u00ed k&nbsp;tomuto kurzu, je velk\u00e9 mno\u017estv\u00ed a nejde je probrat v\u0161echny b\u011bhem jednoho v\u00edkendu, bude ka\u017ed\u00fd z&nbsp;kurz\u016f ur\u010dit\u00fdm zp\u016fsobem tematicky zam\u011b\u0159en (loni jsme nap\u0159\u00edklad m\u011bli \u00davod do pr\u00e1ce na dvou stop\u00e1ch, Nastupov\u00e1n\u00ed do voz\u00edku a vstup do vody, Uvoln\u011bnost jezdce\u2026). T\u00e9mata budou dopln\u011bna v&nbsp;pr\u016fb\u011bhu roku a p\u0159ihl\u00e1\u0161en\u00ed je sv\u00fdmi n\u00e1vrhy &nbsp;mohou ovlivnit (pokud nap\u00ed\u0161\u00ed v\u010das \ud83d\ude09 ).<\/p>\n<p>Za\u010d\u00e1tek v sobotu v 10:00 (kv\u011btnov\u00fd t\u0159\u00eddenn\u00ed term\u00edn za\u010d\u00edn\u00e1 v p\u00e1tek ve 14:00), konec v ned\u011bli kolem 16:00. V p\u0159\u00edpad\u011b t\u0159\u00eddenn\u00edho kurzu se za\u010d\u00edn\u00e1 v p\u00e1tek po ob\u011bd\u011b.<br \/>\nN\u011bkde v pr\u016fb\u011bhu dne pauza na ob\u011bd. (restaurace)<br \/>\nVe\u010der m\u016f\u017eeme zap\u00e1lit ohe\u0148 a ugrilovat si, co kdo si p\u0159iveze, po domluv\u011b maso z na\u0161ich z\u00e1sob.&nbsp;<span class=\"x3nfvp2 x1j61x8r x1fcty0u xdj266r xhhsvwb xat24cr xgzva0m xxymvpz xlup9mm x1kky2od\"><img loading=\"lazy\" src=\"https:\/\/static.xx.fbcdn.net\/images\/emoji.php\/v9\/t4c\/1\/16\/1f642.png\" alt=\"\ud83d\ude42\" width=\"16\" height=\"16\"><\/span><br \/>\nPo\u010det jezdc\u016f 5 \u2013 8.<br \/>\nPro koho kurz NEN\u00cd ur\u010den: Pro v\u0161echny se sportovn\u00edmi ambicemi, kte\u0159\u00ed pot\u0159ebuj\u00ed pilovat konkr\u00e9tn\u00ed jezdeck\u00e9 cviky a dovednosti.<br \/>\nPro koho kurz je: Pro v\u0161echny, kdo cht\u011bj\u00ed prohloubit \u010di nastolit pohodu mezi sebou a kon\u011bm, zv\u00fd\u0161it spole\u010dnou vn\u00edmavost k reakc\u00edm kon\u011b a k pob\u00eddk\u00e1m jezdce. Pro ty, kte\u0159\u00ed t\u0159eba i doma tr\u00e9nuj\u00ed n\u011bkter\u00e1 z t\u011bchto cvi\u010den\u00ed, ale nev\u011bd\u00ed, zda to d\u011blaj\u00ed spr\u00e1vn\u011b, \u010di si prost\u011b jen nikdy nenajdou dostatek \u010dasu a klidu, aby se jim mohli v\u011bnovat a vyladit je.&nbsp;<span class=\"x3nfvp2 x1j61x8r x1fcty0u xdj266r xhhsvwb xat24cr xgzva0m xxymvpz xlup9mm x1kky2od\"><img loading=\"lazy\" src=\"https:\/\/static.xx.fbcdn.net\/images\/emoji.php\/v9\/t4c\/1\/16\/1f642.png\" alt=\"\ud83d\ude42\" width=\"16\" height=\"16\"><\/span><\/p>\n<\/div>\n<div>&nbsp;<\/div>\n<div class=\"x11i5rnm xat24cr x1mh8g0r x1vvkbs xtlvy1s\">Cena: 3000 K\u010d, kv\u011btnov\u00fd t\u0159\u00eddenn\u00ed term\u00edn 4 000 K\u010d<\/div>\n<div class=\"x11i5rnm xat24cr x1mh8g0r x1vvkbs xtlvy1s\">Ust\u00e1jen\u00ed ve venkovn\u00edch padoc\u00edch &#8211; 200 k\u010d za den (k dispozici voda, seno, majitel si s\u00e1m krm\u00ed a d\u00e1v\u00e1 vodu, denn\u011b m\u00edstuje padok), nebo 400 K\u010d za den (krmen\u00ed a vodu dvakr\u00e1t denn\u011b zaji\u0161\u0165uje Ran\u010d, stejn\u011b jako 1x denn\u011b m\u00edstov\u00e1n\u00ed). Mo\u017enost boxu (400 K\u010d \/ 600 K\u010d za den).<\/div>\n<div>Mo\u017enost zap\u016fj\u010den\u00ed na\u0161eho kon\u011b (p\u0159\u00edplatek 1000 K\u010d).<\/div>\n<div class=\"x11i5rnm xat24cr x1mh8g0r x1vvkbs xtlvy1s\">J\u00eddlo zvl\u00e1\u0161\u0165.<br \/>\nKurz nen\u00ed ur\u010den pro div\u00e1ky (budeme se pohybovat v ter\u00e9nu\u2026).<\/div>\n<div>&nbsp;<\/div>\n<div class=\"x11i5rnm xat24cr x1mh8g0r x1vvkbs xtlvy1s\">P\u0159ihl\u00e1\u0161ky prost\u0159ednictv\u00edm emailu sedova@centrum.cz<\/div>\n<div>&nbsp;<\/div>\n<div>\n<hr>\n<\/div>\n<div>&nbsp;<\/div>\n<div>\n<p>&nbsp;<\/p>\n<\/div>\n<div>\n<ul>\n<li><strong>Kurzy ran\u010dersk\u00e9 pr\u00e1ce s dobytkem &#8211; vede Jana \u0160edov\u00e1<\/strong><\/li>\n<\/ul>\n<p>18. &#8211; 19. 7. 2026, 5. &#8211; 6. 9. 2026<\/p>\n<div class=\"x11i5rnm xat24cr x1mh8g0r x1vvkbs xdj266r\">Pracovat budeme na ohrazen\u00e9 j\u00edzd\u00e1rn\u011b s men\u0161\u00edm st\u00e1dem dobytka, kter\u00e9 je zvykl\u00e9 na manipulaci z kon\u011b, p\u0159\u00edpadn\u011b s jednotliv\u00fdmi kusy mlad\u00e9ho dobytka. N\u00e1sledov\u00e1n\u00ed krav, veden\u00ed po trase, t\u0159\u00edd\u011bn\u00ed, odd\u011blov\u00e1n\u00ed od st\u00e1da. Nejedn\u00e1 se o rodeov\u00fd tr\u00e9nink, p\u016fjde sp\u00ed\u0161e o pomalou, klidnou a p\u0159esnou pr\u00e1ci, o zvyknut\u00ed kon\u011b na tuto pr\u00e1ci.<\/div>\n<\/div>\n<div>&nbsp;<\/div>\n<div>Ti, kte\u0159\u00ed s dobytkem teprve za\u010d\u00ednaj\u00ed, se budou v\u011bnovat hlavn\u011b z\u00e1kladn\u00edm princip\u016fm pr\u00e1ce s dobytkem, zvyk\u00e1n\u00ed kon\u011b na dobytek, odd\u011blov\u00e1n\u00ed jednotliv\u00fdch kus\u016f od st\u00e1da, manipulaci se st\u00e1dem \u010di jednotliv\u00fdmi kusy.&nbsp;<\/div>\n<div>S pokro\u010dil\u00fdmi jezdci se krom\u011b t\u00e9to pr\u00e1ce budeme v\u011bnovat tak\u00e9 pr\u00e1ci na zlep\u0161en\u00ed celkov\u00e9 proje\u017ed\u011bnosti kon\u011b, kter\u00e1 n\u00e1m umo\u017en\u00ed posunout pr\u00e1ci s dobytkem na dal\u0161\u00ed \u00farove\u0148.<\/div>\n<div>&nbsp;<\/div>\n<div>\n<div class=\"x11i5rnm xat24cr x1mh8g0r x1vvkbs xtlvy1s\">Kurz je ur\u010den pro kon\u011b \u010di jezdce, kte\u0159\u00ed s dobytkem za\u010d\u00ednaj\u00ed nebo jsou m\u00edrn\u011b pokro\u010dil\u00ed. Nejedn\u00e1 se o sportovn\u00ed tr\u00e9nink.<\/div>\n<div class=\"x11i5rnm xat24cr x1mh8g0r x1vvkbs xtlvy1s\">Po\u010det jezdc\u016f &#8211; 5 \u2013 8.<\/div>\n<div>&nbsp;<\/div>\n<\/div>\n<div>\n<div class=\"x11i5rnm xat24cr x1mh8g0r x1vvkbs xtlvy1s\">Cena 3500 K\u010d za dvojici jezdec \/ k\u016f\u0148.<\/div>\n<div>&nbsp;<\/div>\n<div class=\"x11i5rnm xat24cr x1mh8g0r x1vvkbs xtlvy1s\">Ust\u00e1jen\u00ed ve venkovn\u00edch padoc\u00edch &#8211; 200 k\u010d za den (k dispozici voda, seno, majitel si s\u00e1m krm\u00ed a d\u00e1v\u00e1 vodu, denn\u011b m\u00edstuje padok), nebo 400 K\u010d za den (krmen\u00ed a vodu dvakr\u00e1t denn\u011b zaji\u0161\u0165uje Ran\u010d, stejn\u011b jako 1x denn\u011b m\u00edstov\u00e1n\u00ed). Mo\u017enost boxu (400 K\u010d \/ 600 K\u010d za den).&nbsp;<\/div>\n<div>&nbsp;<\/div>\n<div>Mo\u017enost zap\u016fj\u010den\u00ed na\u0161eho kon\u011b &#8211; p\u0159\u00edplatek 500 K\u010d \/ den.<\/div>\n<div class=\"x11i5rnm xat24cr x1mh8g0r x1vvkbs xtlvy1s\">Div\u00e1ci 300 K\u010d za den v\u010detn\u011b pit\u00ed.<\/div>\n<div>&nbsp;<\/div>\n<div class=\"x11i5rnm xat24cr x1mh8g0r x1vvkbs xtlvy1s\">P\u0159ihl\u00e1\u0161ky prost\u0159ednictv\u00edm emailu sedova@centrum.cz nebo telefonicky na \u010d\u00edsle 773 693 943.<\/div>\n<div>&nbsp;<\/div>\n<\/div>\n<div class=\"x11i5rnm xat24cr x1mh8g0r x1vvkbs xtlvy1s\">\n<hr>\n<\/div>\n<div>&nbsp;<\/div>\n<ul>\n<li><strong>Horsemanship &#8211; kurz s Janou \u0160edovou<\/strong><\/li>\n<\/ul>\n<p>13. &#8211; 14. 6. 2026, 15. &#8211; 16. 8. 2026<\/p>\n<div>\n<p><strong>\u010cervnov\u00fd term\u00edn<\/strong> tohoto kurzu je ur\u010den pro v\u0161echny, kte\u0159\u00ed si cht\u011bj\u00ed proj\u00edt v\u0161e od \u00fapln\u00e9ho za\u010d\u00e1tku. Pracovat budeme individu\u00e1ln\u011b ve volnosti, ze zem\u011b na vod\u00edtku a s je\u017ed\u011bn\u00fdmi ko\u0148mi se dostaneme do sedla v kruhov\u00e9 ohrad\u011b nebo na j\u00edzd\u00e1rn\u011b. Je mo\u017en\u00e9 tak\u00e9 celou dobu pracovat pouze ze zem\u011b. Ne\u010dekejte \u017e\u00e1dn\u00e9 slo\u017eitosti ani z\u00e1zraky na po\u010dk\u00e1n\u00ed, budeme postupovat pomalu, pou\u017e\u00edvat jednoduch\u00e1 cvi\u010den\u00ed a z\u00e1kladn\u00ed komunikaci mezi \u010dlov\u011bkem a kon\u011bm. Prost\u011b tak, aby \u010dlov\u011bk i k\u016f\u0148 z\u016fstali v bezpe\u010d\u00ed a aby oba rozum\u011bli sv\u00e9 pr\u00e1ci, sv\u00e9 zodpov\u011bdnosti a bylo jim spolu dob\u0159e.<\/p>\n<p>Ur\u010deno pro za\u010d\u00ednaj\u00edc\u00ed \u010di m\u00edrn\u011b pokro\u010dil\u00e9 jezdce, nebo pro mlad\u00e9 kon\u011b (i neobsedl\u00e9, ale neslibujte si, \u017ee po v\u00edkendu pojedete dom\u016f s obsednut\u00fdm kon\u011bm \ud83d\ude42 ).<\/p>\n<\/div>\n<p><strong>Srpnov\u00fd term\u00edn<\/strong> bude navazuj\u00edc\u00ed co se t\u00fd\u010de n\u00e1pln\u011b. Podle pot\u0159eby si probereme a dopln\u00edme to, co jsme tr\u00e9novali na \u010dervnov\u00e9m kurzu a podle dovednost\u00ed jezdc\u016f a kon\u00ed se posuneme d\u00e1l. Na rozd\u00edl od kurz\u016f Mal\u00fdch americk\u00fdch cvi\u010den\u00ed budeme na tomto kurzu Horsemanshipu z\u016fst\u00e1vat na j\u00edzd\u00e1rn\u011b a podle pot\u0159eb jezdc\u016f budeme pracovat v\u0161ichni spole\u010dn\u011b \u010di individu\u00e1ln\u011b tak, aby si ka\u017ed\u00fd z kurzu odnesl co nejv\u00edce inspirace do dal\u0161\u00ed pr\u00e1ce.&nbsp;<\/p>\n<div>\n<p>Mo\u017enost zap\u016fj\u010den\u00ed na\u0161eho kon\u011b.<\/p>\n<\/div>\n<div class=\"x11i5rnm xat24cr x1mh8g0r x1vvkbs xtlvy1s\">Cena: 3000 K\u010d<\/div>\n<div class=\"x11i5rnm xat24cr x1mh8g0r x1vvkbs xtlvy1s\">Ust\u00e1jen\u00ed ve venkovn\u00edch padoc\u00edch &#8211; 200 k\u010d za den (k dispozici voda, seno, majitel si s\u00e1m krm\u00ed a d\u00e1v\u00e1 vodu, denn\u011b m\u00edstuje padok), nebo 400 K\u010d za den (krmen\u00ed a vodu dvakr\u00e1t denn\u011b zaji\u0161\u0165uje Ran\u010d, stejn\u011b jako 1x denn\u011b m\u00edstov\u00e1n\u00ed). Mo\u017enost boxu (400 K\u010d \/ 600 K\u010d za den).&nbsp;<\/div>\n<div>Mo\u017enost zap\u016fj\u010den\u00ed na\u0161eho kon\u011b (p\u0159\u00edplatek 1000 K\u010d).<\/div>\n<div class=\"x11i5rnm xat24cr x1mh8g0r x1vvkbs xtlvy1s\">J\u00eddlo zvl\u00e1\u0161\u0165.<\/div>\n<div class=\"x11i5rnm xat24cr x1mh8g0r x1vvkbs xtlvy1s\">P\u0159ihl\u00e1\u0161ky prost\u0159ednictv\u00edm emailu sedova@centrum.cz<\/div>\n<p>&nbsp;<\/p>\n<hr>\n<div>&nbsp;<\/div>\n<div><strong>Z\u00e1klady ran\u010dersk\u00e9ho lasov\u00e1n\u00ed<\/strong><\/div>\n<div>&nbsp;<\/div>\n<p>V roce 2026 nen\u00ed vyps\u00e1n term\u00edn pro lasovac\u00ed kurz. V p\u0159\u00edpad\u011b z\u00e1jmu je mo\u017enost se v\u011bnovat lasov\u00e1n\u00ed v r\u00e1mci dobytk\u00e1\u0159sk\u00fdch kurz\u016f, nebo se domluvit individu\u00e1ln\u011b.&nbsp;<\/p>\n<p>&nbsp;<\/p>\n<p>Za\u010dneme ze zem\u011b sezn\u00e1men\u00edm s lasem, vybudov\u00e1n\u00edm si smy\u010dky, z\u00e1kladn\u00edmi hody na lasovac\u00ed dummy, budeme se bavit o tom, co d\u011blat a co ned\u011blat p\u0159i lasov\u00e1n\u00ed, pro\u010d je jednodu\u0161\u0161\u00ed za\u010d\u00edt s lasov\u00e1n\u00edm zadn\u00edch nohou ne\u017e hlavy a jak z\u016fstat p\u0159i lasov\u00e1n\u00ed v bezpe\u010d\u00ed.<br class=\"html-br\">Vysv\u011btl\u00edme si, jak b\u011bhem lasov\u00e1n\u00ed p\u0159istupovat k \u017eiv\u00e9mu dobytku, jak na\u0161e chov\u00e1n\u00ed ovlivn\u00ed pohyb telat a uk\u00e1\u017eeme si, jak se nezamotat do ciz\u00edho lasa.<br class=\"html-br\">P\u0159i pr\u00e1ci s ko\u0148mi se budeme soust\u0159edit na sezn\u00e1men\u00ed nezku\u0161en\u00fdch kon\u00ed s lasem tak, aby ho bez zbyte\u010dn\u00e9ho stresu p\u0159ijali, vyzkou\u0161\u00edme si, jak rozd\u00edln\u00e9 je to\u010den\u00ed lasem a odhod lasa ze sedla oproti pr\u00e1ci ze zem\u011b, a tak\u00e9 si ud\u011bl\u00e1me cvi\u010den\u00ed na dally, kter\u00e9 je nezbytn\u00e9 um\u011bt p\u0159ed t\u00edm, ne\u017e za\u010dnete s lasov\u00e1n\u00edm \u017eiv\u00e9ho dobytka.<\/p>\n<div class=\"x11i5rnm xat24cr x1mh8g0r x1vvkbs xtlvy1s\">Cena 3000 K\u010d.&nbsp;<\/div>\n<div>&nbsp;<\/div>\n<div class=\"x11i5rnm xat24cr x1mh8g0r x1vvkbs xtlvy1s\">Ust\u00e1jen\u00ed ve venkovn\u00edch padoc\u00edch &#8211; 200 k\u010d za den (k dispozici voda, seno, majitel si s\u00e1m krm\u00ed a d\u00e1v\u00e1 vodu, denn\u011b m\u00edstuje padok), nebo 400 K\u010d za den (krmen\u00ed a vodu dvakr\u00e1t denn\u011b zaji\u0161\u0165uje Ran\u010d, stejn\u011b jako 1x denn\u011b m\u00edstov\u00e1n\u00ed). Mo\u017enost boxu (400 K\u010d \/ 600 K\u010d za den).&nbsp;<\/div>\n<div>&nbsp;<\/div>\n<div>Mo\u017enost zap\u016fj\u010den\u00ed na\u0161eho kon\u011b &#8211; p\u0159\u00edplatek 1000 K\u010d.<\/div>\n<div class=\"x11i5rnm xat24cr x1mh8g0r x1vvkbs xtlvy1s\">Div\u00e1ci 300 K\u010d za den v\u010detn\u011b pit\u00ed.<\/div>\n<div>&nbsp;<\/div>\n<div class=\"x11i5rnm xat24cr x1mh8g0r x1vvkbs xtlvy1s\">P\u0159ihl\u00e1\u0161ky prost\u0159ednictv\u00edm emailu sedova@centrum.cz nebo telefonicky na \u010d\u00edsle 773 693 943.<\/div>\n<p>&nbsp;<\/p>\n","protected":false},"excerpt":{"rendered":"<p>&nbsp; Kalend\u00e1\u0159 akc\u00ed &#8211; p\u0159ehled:&nbsp; Kurzy s Janou \u0160edovou se budou konat pouze v p\u0159\u00edpad\u011b p\u0159ihl\u00e1\u0161en\u00ed minim\u00e1ln\u011b p\u011bti \u00fa\u010dastn\u00edk\u016f.&nbsp; &nbsp; 13. &#8211; 15. 3. 2026 &#8211; rozje\u017e\u010fovac\u00ed v\u00edkend 8. &#8211; 10. 5. 2026 (t\u0159i dny) &#8211; Mal\u00e1 americk\u00e1 cvi\u010den\u00ed s &hellip; <a class=\"more-link\" href=\"https:\/\/www.krizanky35.cz\/?page_id=570\">cel\u00fd \u010dl\u00e1nek<\/a><\/p>\n","protected":false},"author":1,"featured_media":0,"parent":0,"menu_order":0,"comment_status":"closed","ping_status":"open","template":"","meta":{"ngg_post_thumbnail":0},"_links":{"self":[{"href":"https:\/\/www.krizanky35.cz\/index.php?rest_route=\/wp\/v2\/pages\/570"}],"collection":[{"href":"https:\/\/www.krizanky35.cz\/index.php?rest_route=\/wp\/v2\/pages"}],"about":[{"href":"https:\/\/www.krizanky35.cz\/index.php?rest_route=\/wp\/v2\/types\/page"}],"author":[{"embeddable":true,"href":"https:\/\/www.krizanky35.cz\/index.php?rest_route=\/wp\/v2\/users\/1"}],"replies":[{"embeddable":true,"href":"https:\/\/www.krizanky35.cz\/index.php?rest_route=%2Fwp%2Fv2%2Fcomments&post=570"}],"version-history":[{"count":93,"href":"https:\/\/www.krizanky35.cz\/index.php?rest_route=\/wp\/v2\/pages\/570\/revisions"}],"predecessor-version":[{"id":1416,"href":"https:\/\/www.krizanky35.cz\/index.php?rest_route=\/wp\/v2\/pages\/570\/revisions\/1416"}],"wp:attachment":[{"href":"https:\/\/www.krizanky35.cz\/index.php?rest_route=%2Fwp%2Fv2%2Fmedia&parent=570"}],"curies":[{"name":"wp","href":"https:\/\/api.w.org\/{rel}","templated":true}]}}